{"id":395,"date":"2023-09-11T10:56:46","date_gmt":"2023-09-11T08:56:46","guid":{"rendered":"https:\/\/pcp13.fr\/?page_id=395"},"modified":"2023-09-11T10:57:31","modified_gmt":"2023-09-11T08:57:31","slug":"mentions-legales","status":"publish","type":"page","link":"https:\/\/pcp13.fr\/index.php\/mentions-legales\/","title":{"rendered":"Mentions L\u00e9gales"},"content":{"rendered":"<section  class='av_textblock_section av-lmenhuqq-67471d6368b436da5be91572bdaa69be '   itemscope=\"itemscope\" itemtype=\"https:\/\/schema.org\/CreativeWork\" ><div class='avia_textblock'  itemprop=\"text\" ><p>Raison sociale : PROVENCE CHAUFFAGE PLOMBERIE<\/p>\n<p>Forme juridique : Soci\u00e9t\u00e9 \u00e0 responsabilit\u00e9 limit\u00e9e (SARL unipersonnelle)<\/p>\n<p>Num\u00e9ro SIREN : 919541516<\/p>\n<p>Num\u00e9ro SIRET (si\u00e8ge) : 91954151600010<\/p>\n<p>Num\u00e9ro TVA Intracommunautaire : FR44919541516<\/p>\n<p>Num\u00e9ro RCS : Marseille B 919 541 516<\/p>\n<p>Date d&rsquo;immatriculation RCS : Immatricul\u00e9e au RCS le 22-09-2022<\/p>\n<p>Adresse postale : 811 RTE DE CASSIS, 13830 ROQUEFORT-LA-BEDOULE<\/p>\n<p>H\u00e9bergement du site : Le site est h\u00e9berg\u00e9 par OVH.<\/p>\n<p>Nom de la soci\u00e9t\u00e9 : PROVENCE CHAUFFAGE PLOMBERIE<\/p>\n<p>Type de soci\u00e9t\u00e9 : SARL unipersonnelle<\/p>\n<p>Si\u00e8ge social : 811 RTE DE CASSIS, 13830 ROQUEFORT-LA-BEDOULE<\/p>\n<p>Num\u00e9ro SIREN : 919541516<\/p>\n<p>Num\u00e9ro SIRET (si\u00e8ge) : 91954151600010<\/p>\n<p>Num\u00e9ro TVA Intracommunautaire : FR44919541516<\/p>\n<p>Num\u00e9ro RCS : Marseille B 919 541 516<\/p>\n<p>Date d&rsquo;immatriculation RCS : 22-09-2022<\/p>\n<p>H\u00e9bergement du site : Le site est h\u00e9berg\u00e9 par OVH.<\/p>\n<\/div><\/section>\n","protected":false},"excerpt":{"rendered":"","protected":false},"author":1,"featured_media":0,"parent":0,"menu_order":0,"comment_status":"closed","ping_status":"closed","template":"","meta":{"inline_featured_image":false,"footnotes":""},"class_list":["post-395","page","type-page","status-publish","hentry"],"_links":{"self":[{"href":"https:\/\/pcp13.fr\/index.php\/wp-json\/wp\/v2\/pages\/395","targetHints":{"allow":["GET"]}}],"collection":[{"href":"https:\/\/pcp13.fr\/index.php\/wp-json\/wp\/v2\/pages"}],"about":[{"href":"https:\/\/pcp13.fr\/index.php\/wp-json\/wp\/v2\/types\/page"}],"author":[{"embeddable":true,"href":"https:\/\/pcp13.fr\/index.php\/wp-json\/wp\/v2\/users\/1"}],"replies":[{"embeddable":true,"href":"https:\/\/pcp13.fr\/index.php\/wp-json\/wp\/v2\/comments?post=395"}],"version-history":[{"count":2,"href":"https:\/\/pcp13.fr\/index.php\/wp-json\/wp\/v2\/pages\/395\/revisions"}],"predecessor-version":[{"id":398,"href":"https:\/\/pcp13.fr\/index.php\/wp-json\/wp\/v2\/pages\/395\/revisions\/398"}],"wp:attachment":[{"href":"https:\/\/pcp13.fr\/index.php\/wp-json\/wp\/v2\/media?parent=395"}],"curies":[{"name":"wp","href":"https:\/\/api.w.org\/{rel}","templated":true}]}}